313
What are the prime factors of 56763?
3, 7, 17, 53
What are the prime factors of 6046129?
643, 9403
What are the prime factors of 2164436?
2, 617, 877
What are the prime factors of 2692429?
41, 97, 677
List the prime factors of 11171456.
2, 87277
List the prime factors of 184350.
2, 3, 5, 1229
List the prime factors of 922505.
5, 17, 10853
What are the prime factors of 1114812?
2, 3, 173, 179
List the prime factors of 3138036.
2, 3, 11, 23773
List the prime factors of 255274.
2, 127637
List the prime factors of 1279159.
7, 41, 4457
What are the prime factors of 8141017?
103, 79039
List the prime factors of 901378.
2, 29, 15541
What are the prime factors of 2479914?
2, 3, 311, 443
What are the prime factors of 5617828?
2, 229, 6133
List the prime factors of 3157032.
2, 3, 131543
What are the prime factors of 354753?
3, 7, 1877
What are the prime factors of 65864?
2, 8233
List the prime factors of 335862.
2, 3, 47, 397
List the prime factors of 2117061.
3, 17, 101, 137
List the prime factors of 5634293.
7, 17, 113, 419
List the prime factors of 98740.
2, 5, 4937
What are the prime factors of 1448089?
337, 4297
What are the prime factors of 911042?
2, 11, 41411
List the prime factors of 131906.
2, 101, 653
What are the prime factors of 457638?
2, 3, 89, 857
What are the prime factors of 1420757?
13, 293, 373
List the prime factors of 72851.
263, 277
List the prime factors of 227935.
5, 45587
List the prime factors of 5311132.
2, 1327783
List the prime factors of 155397.
3, 11, 17, 277
What are the prime factors of 1571165?
5, 314233
What are the prime factors of 9283086?
2, 3, 6367
What are the prime factors of 1793513?
149, 12037
What are the prime factors of 8038396?
2, 59, 34061
What are the prime factors of 10390185?
3, 5, 13, 17761
List the prime factors of 57222.
2, 3, 11, 17
List the prime factors of 4109060.
2, 5, 205453
What are the prime factors of 347266?
2, 401, 433
What are the prime factors of 822690?
2, 3, 5, 11, 277
What are the prime factors of 739086?
2, 3, 199, 619
List the prime factors of 17102391.
3, 17, 335341
List the prime factors of 316239.
3, 7, 11, 37
List the prime factors of 4262557.
13, 327889
List the prime factors of 399840.
2, 3, 5, 7, 17
What are the prime factors of 2089722?
2, 3, 348287
List the prime factors of 13427251.
13427251
List the prime factors of 246692.
2, 61673
What are the prime factors of 1061212?
2, 127, 2089
What are the prime factors of 1080858?
2, 3, 151, 1193
What are the prime factors of 26904749?
4943, 5443
What are the prime factors of 6375167?
107, 59581
What are the prime factors of 9965860?
2, 5, 181, 2753
What are the prime factors of 428510?
2, 5, 73, 587
What are the prime factors of 60168?
2, 3, 23, 109
What are the prime factors of 6071256?
2, 3, 37, 43, 53
List the prime factors of 621710.
2, 5, 62171
List the prime factors of 7250835.
3, 5, 483389
List the prime factors of 714883.
13, 127, 433
List the prime factors of 323548.
2, 47, 1721
List the prime factors of 2400784.
2, 181, 829
What are the prime factors of 4717613?
4717613
List the prime factors of 825395.
5, 165079
List the prime factors of 5099051.
61, 83591
What are the prime factors of 571078?
2, 285539
What are the prime factors of 297556?
2, 7, 10627
What are the prime factors of 266736?
2, 3, 5557
What are the prime factors of 231616?
2, 7, 11, 47
What are the prime factors of 10078180?
2, 5, 7, 71987
What are the prime factors of 48512?
2, 379
List the prime factors of 1037084.
2, 259271
What are the prime factors of 11839476?
2, 3, 11, 257, 349
List the prime factors of 266631.
3, 31, 47, 61
List the prime factors of 709549.
37, 127, 151
What are the prime factors of 4640268?
2, 3, 386689
List the prime factors of 7132123.
7132123
List the prime factors of 361092.
2, 3, 30091
List the prime factors of 12751645.
5, 2550329
What are the prime factors of 361502?
2, 180751
List the prime factors of 114519.
3, 59, 647
What are the prime factors of 26950865?
5, 17, 313, 1013
List the prime factors of 261804.
2, 3, 21817
List the prime factors of 919060.
2, 5, 45953
What are the prime factors of 7108338?
2, 3, 239, 4957
What are the prime factors of 582624?
2, 3, 7, 17
What are the prime factors of 1494750?
2, 3, 5, 1993
List the prime factors of 31118431.
2221, 14011
List the prime factors of 1008483.
3, 7, 48023
What are the prime factors of 70282?
2, 35141
List the prime factors of 48515.
5, 31, 313
List the prime factors of 1098912.
2, 3, 11447
List the prime factors of 4343842.
2, 739, 2939
List the prime factors of 331589.
331589
List the prime factors of 666634.
2, 19, 53, 331
What are the prime factors of 577794?
2, 3, 7, 13757
What are the prime factors of 455932?
2, 113983
What are the prime factors of 1539127?
1539127
What are the prime factors of 615767?
615767
What are the prime factors of 7873485?
3, 5, 524899
List the prime factors of 1499620.
2, 5, 97, 773
What are the prime factors of 1020339?
3, 113371
What are the prime factors of 770125?
5, 61, 101
List the prime factors of 11824876.
2, 7, 60331
What are the prime factors of 1467251?
503, 2917
What are the prime factors of 1935007?
1935007
List the prime factors of 9559393.
149, 64157
List the prime factors of 28754170.
2, 5, 2875417
List the prime factors of 768377.
768377
List the prime factors of 201774.
2, 3, 33629
List the prime factors of 714672.
2, 3, 7, 709
What are the prime factors of 1672056?
2, 3, 7741
What are the prime factors of 2066798?
2, 79, 103, 127
What are the prime factors of 430198?
2, 19, 11321
What are the prime factors of 85370?
2, 5, 8537
What are the prime factors of 2003832?
2, 3, 9277
List the prime factors of 8171065.
5, 7, 157, 1487
List the prime factors of 341359.
29, 79, 149
What are the prime factors of 33695?
5, 23, 293
What are the prime factors of 223510?
2, 5, 7, 31, 103
What are the prime factors of 459882?
2, 3, 29, 881
What are the prime factors of 15177601?
15177601
What are the prime factors of 266190?
2, 3, 5, 19, 467
What are the prime factors of 2123570?
2, 5, 73, 2909
List the prime factors of 208040.
2, 5, 7, 743
List the prime factors of 310226.
2, 7, 22159
What are the prime factors of 140674?
2, 37, 1901
What are the prime factors of 447914?
2, 281, 797
List the prime factors of 30454251.
3, 10151417
List the prime factors of 10558111.
10558111
What are the prime factors of 60488?
2, 7561
List the prime factors of 9371490.
2, 3, 5, 312383
List the prime factors of 930070.
2, 5, 17, 5471
What are the prime factors of 7095681?
3, 17, 5153
What are the prime factors of 1912290?
2, 3, 5, 63743
What are the prime factors of 128594?
2, 113, 569
What are the prime factors of 156287?
373, 419
List the prime factors of 9874604.
2, 19, 41, 3169
What are the prime factors of 1396618?
2, 17, 41077
List the prime factors of 639649.
67, 9547
List the prime factors of 23936.
2, 11, 17
List the prime factors of 357460.
2, 5, 61, 293
What are the prime factors of 501303?
3, 11, 1381
List the prime factors of 45143.
7, 6449
List the prime factors of 948637.
379, 2503
List the prime factors of 9520675.
5, 229, 1663
What are the prime factors of 6391194?
2, 3, 23, 29, 1597
What are the prime factors of 905924?
2, 23, 43, 229
What are the prime factors of 2089598?
2, 7, 149257
What are the prime factors of 189195?
3, 5, 12613
What are the prime factors of 924626?
2, 277, 1669
What are the prime factors of 23802394?
2, 7, 11, 14051
What are the prime factors of 368873?
368873
What are the prime factors of 1080916?
2, 270229
List the prime factors of 181880.
2, 5, 4547
What are the prime factors of 31982280?
2, 3, 5, 11, 24229
List the prime factors of 10779657.
3, 7, 73331
What are the prime factors of 11126902?
2, 347, 16033
What are the prime factors of 924827?
924827
What are the prime factors of 283256?
2, 35407
List the prime factors of 1215256.
2, 7, 21701
What are the prime factors of 4393773?
3, 488197
List the prime factors of 2854862.
2, 1427431
What are the prime factors of 357971?
41, 8731
What are the prime factors of 16238?
2, 23, 353
List the prime factors of 3587601.
3, 181, 6607
What are the prime factors of 2161?
2161
What are the prime factors of 1398269?
1398269
What are the prime factors of